 119 = 0. What is the tens digit of (-48)/20*w/9?
3
Let x(s) = -s**3 + s**2 - 2*s - 124. Let j be x(0). Let d = j + 157. What is the tens digit of d?
3
Let m(a) = 3*a + 421. What is the hundreds digit of m(-50)?
2
Let m(i) be the second derivative of -i**3/2 + 25*i**2 + 15*i. What is the tens digit of m(-14)?
9
Let w be -1 + 5 + 0 - 17. Let d(a) = -5*a**2 + 15*a + 1. Let n(q) = 11*q**2 - 30*q - 1. Let t(g) = -13*d(g) - 6*n(g). What is the tens digit of t(w)?
1
Suppose 0 = -17*d + 1730 + 7178. What is the units digit of d?
4
Let s(n) = -64*n**2 - 9*n - 6. Let l be s(-3). Let h = -389 - l. What is the units digit of h?
6
What is the tens digit of 102/(-153)*5223/(-2)?
4
Suppose -14 = 4*f - 6*f. Suppose 0 = f*a - a - 66. What is the units digit of a?
1
Let q(l) = l - 6. Let h be q(7). Let u(v) = -v**3 + 3*v**2 - 2*v + 2. Let f be u(2). What is the units digit of (-3 + f)*(h + -2)?
1
Let y(n) = -120*n - 114. What is the tens digit of y(-3)?
4
Let p(c) be the third derivative of c**6/120 - c**5/20 + c**4/24 - c**3/3 - c**2. Let o(z) = -z - 13. Let h be o(-18). What is the units digit of p(h)?
3
Suppose -4*r - 4*x + 2148 = 0, 0 = -0*r - 3*r - 4*x + 1616. What is the units digit of r?
2
What is the units digit of (-488)/(-6)*132/176?
1
Suppose 4*t = u - 529 - 145, 3*u + 4*t = 2038. What is the units digit of u/20 - (-7)/70?
4
Suppose -7*x - 22121 = -18*x. What is the hundreds digit of x?
0
Let s(j) = -23 - 10 + 119*j - 241*j + 59*j. What is the hundreds digit of s(-4)?
2
Let t = 14 - 20. Let u(i) be the first derivative of i**4/4 + 7*i**3/3 + i**2 - 5*i + 10. What is the units digit of u(t)?
9
Suppose b + 53*b = 185544. What is the thousands digit of b?
3
Let g(s) be the third derivative of s**7/504 - s**6/720 - s**5/10 - 4*s**2. Let x(k) be the third derivative of g(k). What is the units digit of x(3)?
9
Let c be (189/(-18))/(3/(-6)). Suppose -15 - c = -4*b. What is the units digit of b?
9
Let t(d) = -2*d - 6. Let l be t(-5). Suppose 0 = -4*a + i + 68, -a + 3*i - 66 = -l*a. What is the tens digit of a?
1
Let l(u) = 10*u**3 - u**2 + u - 1. Let x be l(1). Suppose f + 1 = 2. What is the units digit of 1/f - (-54)/x?
7
What is the tens digit of (2/4 + -1)*23464/(-28)?
1
Suppose -3*y + 4*f + 5 - 1 = 0, 5*y = -2*f + 24. Suppose -5*m - c + 111 = -m, -y*c + 136 = 5*m. What is the units digit of m?
8
Suppose 2*b = g - 3*g + 14, 4*b - 19 = -g. Let h(m) = m**2 - 3*m**2 + 13*m + 0*m + 2*m**3 + 4 - 3*m**g. What is the units digit of h(-5)?
4
Let t(j) = 238*j**2 + 5*j - 1. What is the tens digit of t(-2)?
4
Let z be 4/6 + (-550)/6. Let i = -53 - z. What is the tens digit of i?
3
Suppose 3*t - 113 = -4*g - 20, 0 = 5*t - g - 155. What is the tens digit of t?
3
Let k be (-3)/(-6)*(1 + 7). Let u = 113 + -72. Suppose o - k - 13 = -g, -3*g + u = -2*o. What is the units digit of g?
5
Let n be (24/10)/(4/(-20)). Suppose -m = -3*u - 132, 3*m + 3*u - 367 = -31. What is the units digit of (-2)/(-8) - m/n?
0
Suppose 0 = -4*u - 4*k + 924, 3*u = 6*u + 4*k - 694. What is the tens digit of u?
3
Let s = -5 - -11. Suppose -2*q + 12 = 4*k - s, 2*k = 2*q - 6. Suppose 10*h - 115 = 5*h - q*a, 2*h - a = 55. What is the tens digit of h?
2
Suppose 0 = -1032*f + 1030*f + 1940. What is the tens digit of f?
7
Let o = -4 + -18. What is the tens digit of 92/(-6)*33/o?
2
Suppose 56*h = 8*h + 178848. What is the units digit of h?
6
Let d(t) = t**3 - 4. Let f be 5 + (3/(-3) - 2). Let m be d(f). Suppose m = -a + 39. What is the units digit of a?
5
Let u be (-6)/27*6*-3. Suppose -25 + 125 = u*x. What is the tens digit of x?
2
Let a(t) = -t - 7. Let g be a(6). Let f(c) = -1. Let r(p) = -3*p + 33. Let o(m) = 5*f(m) + r(m). What is the tens digit of o(g)?
6
Suppose -5*i + z = 5*z + 6, -6 = -5*i - z. Suppose d = 2*s - 3*d - 14, 19 = 5*s - i*d. What is the units digit of (s + 13/2)*6?
7
Let v = 3199 - 2285. What is the tens digit of v?
1
Let o = 198 + -211. Suppose 44 - 2 = n + 3*a, -2*a = 3*n - 91. Let q = o + n. What is the tens digit of q?
1
Let b(t) = -t**3 + 11*t**2 - 14*t + 9. Let x be b(9). Suppose -x*k + 46*k - 149 = 0. What is the units digit of k?
9
Let t be (-1480)/8*3/(-15). Let u = 40 - t. Suppose -u*w - 37 = -247. What is the units digit of w?
0
Let y(z) = -z + 12. Let v(f) = f**3 - 10*f**2 + 12*f - 12. Let w be v(9). Let q = w - 22. What is the tens digit of y(q)?
1
What is the thousands digit of (-4)/22 + (-192750)/(-165)?
1
Suppose 0 = 3*p + c - 15, 2*p + p + 2*c = 15. Suppose 2*w + 5*v = 6*w - 714, 0 = -p*v - 10. What is the units digit of w?
6
Let q(h) = -2*h**2 + 20*h + 2. Let f be q(10). Suppose f*p = 3*s + 42 - 3, 2*s + 92 = 5*p. What is the tens digit of p?
1
Let l(w) = 5*w**3 - 9*w**2 - 14*w + 8. What is the hundreds digit of l(5)?
3
Suppose 3*y + 2 - 14 = 0. Suppose -3*i + 601 = -y*n, 5*i - 4*n - 1011 = -2*n. Suppose l = -5*k + i, 0*l + l = -k + 43. What is the tens digit of k?
4
What is the hundreds digit of (6 - -3) + (-16 - -1515)?
5
Let l(o) be the first derivative of -5*o**4/2 - 2*o**3/3 - o**2 - 311. Let d = 5 - 7. What is the tens digit of l(d)?
7
Suppose 2*k + 0 = 48. Suppose -y = -3*h - 48, 4*h + 27 = -3*y - 37. Let r = h + k. What is the units digit of r?
8
Let h = 43 - 39. What is the units digit of (h/(-7))/(12/(-798))?
8
Suppose 0*c = c - 5. Suppose -3*l + c*l - 280 = 0. What is the units digit of ((-12)/10)/((-6)/l)?
8
Let u(s) = s - 2. Let g(i) = i - 105. Let b(f) = -g(f) - 3*u(f). What is the units digit of b(0)?
1
Let o be (-29 - 0)/((-3)/12). Let g = o - 39. What is the units digit of g?
7
Suppose -4*c + 2*q + 5886 = 0, -6*c + 9*c = -q + 4427. What is the tens digit of c?
7
Suppose -u + 3*k = -448, k = 1 + 2. What is the tens digit of u?
5
Suppose -8*o = -12*o + g + 13161, -5*o - 3*g + 16430 = 0. What is the units digit of o?
9
Let d = 33 - -2. Suppose 6*x - x - d = 0. What is the units digit of (-6)/x*70/(-15)?
4
Let n(i) = i - 1. Let r be n(6). Let z(g) = 2*g**2 + 6*g + 3. What is the tens digit of z(r)?
8
Suppose -4*v + 12944 = 12*v. What is the tens digit of v?
0
Let m = 1344 + -948. Suppose 90*j + m = 94*j. What is the units digit of j?
9
Let s = 158 + -17. Let p = s + -88. What is the units digit of p?
3
Suppose -2*f - 5 = 3*f, 22 = 5*s - 2*f. Let i = 7 - s. Suppose 2*q + i*q = 85. What is the units digit of q?
7
Suppose 0 = -2*s - 6 + 20. Suppose 4*t + 3*z - 26 = -s, -4*t - 1 = -z. What is the units digit of t?
1
Let v = 464 + 2183. What is the hundreds digit of v?
6
Let h(q) be the first derivative of 2*q**3/3 + 3*q**2/2 + 3*q - 3. Let t be h(-3). What is the units digit of 2/(-6) + 424/t?
5
Let q(m) = -2759*m**3 - 5*m**2 - 2*m + 2. What is the tens digit of q(-1)?
5
Suppose -311 + 96 = 5*s. Let l be (-1)/((-3)/(-9)) - s. Suppose -l = -j - j. What is the tens digit of j?
2
Let i = -563 - -1232. What is the units digit of i?
9
Suppose -5*n - 5*i = -10, -14 + 60 = 3*n - 5*i. Suppose 0 = p + 5*o + n - 45, 3*p - 84 = -5*o. What is the tens digit of p?
2
Let o(m) = -m**3 - 10*m**2 - 10*m - 4. Let b be o(-9). Suppose b*d + 0*f = 3*f + 152, 0 = -2*d - 2*f + 64. What is the units digit of d?
1
Let r = -39 - -30. Let a(v) = 2*v**3 + 18*v**2 + 1. What is the units digit of a(r)?
1
Suppose 0 = -3*p - 5*d + 169 + 11, -5*d + 290 = 5*p. Suppose -5*u - p = 8*v - 3*v, 7 = -2*u + v. Let i = 16 + u. What is the tens digit of i?
1
Let a be (3 - 125) + (1 + 3 - 1). Let t = a - -252. What is the units digit of t?
3
Let r = -459 - -771. What is the hundreds digit of r?
3
Let s(o) = -3*o + 34. Let d be s(13). What is the tens digit of (-66)/d*(-6 + 11)?
6
Suppose -5*p + 149 = -636. What is the hundreds digit of p?
1
Suppose 5*z - 2*t = 4*z - 24, -69 = 3*z - 5*t. Let w = z - -30. Suppose -2*g + w = 2*m, g + 6 = 2*m - 0*g. What is the units digit of m?
4
What is the thousands digit of (363/(-9))/((-16)/(-1296)*-1)?
3
Suppose 4*r + 5*q + 106 + 87 = 0, -r = 4*q + 51. Let c = -22 - r. Suppose 0 = -5*f - c, u + 2*u + 2 = -4*f. What is the units digit of u?
6
Suppose -2*m - 2*x = 0, -3*x = -8*x. Suppose m*q - 6*q = -1602. What is the hundreds digit of q?
2
What is the units digit of (-50855)/(-63) - (-1)/((-18)/4)?
7
Let t be 9/2 + 17/(-34). Suppose -t*y + 89 = -123. What is the tens digit of y?
5
Suppose 0 = 33*q - 37366 - 4643. What is the hundreds digit of q?
2
Let f = -115